{"id":39,"date":"2020-12-04T09:36:01","date_gmt":"2020-12-04T09:36:01","guid":{"rendered":"https:\/\/www.egger-donau.de\/?page_id=39"},"modified":"2020-12-04T10:25:29","modified_gmt":"2020-12-04T10:25:29","slug":"leistungen","status":"publish","type":"page","link":"https:\/\/www.egger-donau.de\/?page_id=39","title":{"rendered":"Leistungen"},"content":{"rendered":"\n<p><strong>Unsere Leistungen<\/strong><\/p>\n\n\n\n<p><strong>Steuerberatung<\/strong><\/p>\n\n\n\n<p>&nbsp;Die Steuerberatung ist unsere Kernkompetenz, hier k\u00f6nnen wir f\u00fcr Sie aus einem gro\u00dfen Fundus an<strong> Wissen<\/strong>, <strong>Erfahrung<\/strong> und <strong>Kontakten<\/strong> sch\u00f6pfen.<\/p>\n\n\n\n<p><strong>Existenzgr\u00fcndung<\/strong><\/p>\n\n\n\n<p>Existenzgr\u00fcndern haben wir folgendes zu bieten:<\/p>\n\n\n\n<p>&#8211; Realisierbarkeitspr\u00fcfung<br>&#8211; Durchf\u00fchrbarkeitsstudie<br>&#8211; Beratung zur Rechtsform- und Standortswahl<br><\/p>\n\n\n\n<p><strong>Gestaltungsberatung<\/strong><\/p>\n\n\n\n<p>Wir unterst\u00fctzen Sie bei der Gestaltung Ihres Unternehmens<\/p>\n\n\n\n<p>&#8211; auf dem Gebiet der EDV-Organisation<br>&#8211; bei Arbeitsablaufgestaltungen<br>&#8211; bei Arbeitsplatzgestaltungen<br>&#8211; und auf dem Gebiet der Ablageorganisation und B\u00fcroplanung<\/p>\n\n\n\n<p><strong>Unternehmensberatung<\/strong><\/p>\n\n\n\n<p>&#8211; Beratung in betriebswirtschaftlichen Fragen<br>&#8211; Steuerbelastungsvergleich<\/p>\n","protected":false},"excerpt":{"rendered":"<p>Unsere Leistungen Steuerberatung &nbsp;Die Steuerberatung ist unsere Kernkompetenz, hier k\u00f6nnen wir f\u00fcr Sie aus einem gro\u00dfen Fundus an Wissen, Erfahrung und Kontakten sch\u00f6pfen. Existenzgr\u00fcndung Existenzgr\u00fcndern haben wir folgendes zu bieten: &#8211; Realisierbarkeitspr\u00fcfung&#8211; Durchf\u00fchrbarkeitsstudie&#8211; Beratung zur Rechtsform- und Standortswahl Gestaltungsberatung Wir unterst\u00fctzen Sie bei der Gestaltung Ihres Unternehmens &#8211; auf dem Gebiet der EDV-Organisation&#8211; bei Arbeitsablaufgestaltungen&#8211; [&hellip;]<\/p>\n","protected":false},"author":1,"featured_media":0,"parent":0,"menu_order":0,"comment_status":"closed","ping_status":"closed","template":"","meta":{"footnotes":""},"class_list":["post-39","page","type-page","status-publish","hentry","wpbf-post"],"brizy_media":[],"_links":{"self":[{"href":"https:\/\/www.egger-donau.de\/index.php?rest_route=\/wp\/v2\/pages\/39","targetHints":{"allow":["GET"]}}],"collection":[{"href":"https:\/\/www.egger-donau.de\/index.php?rest_route=\/wp\/v2\/pages"}],"about":[{"href":"https:\/\/www.egger-donau.de\/index.php?rest_route=\/wp\/v2\/types\/page"}],"author":[{"embeddable":true,"href":"https:\/\/www.egger-donau.de\/index.php?rest_route=\/wp\/v2\/users\/1"}],"replies":[{"embeddable":true,"href":"https:\/\/www.egger-donau.de\/index.php?rest_route=%2Fwp%2Fv2%2Fcomments&post=39"}],"version-history":[{"count":2,"href":"https:\/\/www.egger-donau.de\/index.php?rest_route=\/wp\/v2\/pages\/39\/revisions"}],"predecessor-version":[{"id":95,"href":"https:\/\/www.egger-donau.de\/index.php?rest_route=\/wp\/v2\/pages\/39\/revisions\/95"}],"wp:attachment":[{"href":"https:\/\/www.egger-donau.de\/index.php?rest_route=%2Fwp%2Fv2%2Fmedia&parent=39"}],"curies":[{"name":"wp","href":"https:\/\/api.w.org\/{rel}","templated":true}]}}